greatest common divisor of 125246316 and 33902.
3082
Calculate the highest common divisor of 52481 and 8294.
143
What is the highest common factor of 35022159 and 1836?
459
Calculate the greatest common factor of 27605767 and 5684.
1421
Calculate the greatest common divisor of 582793326 and 564.
282
What is the greatest common factor of 801598 and 7378?
434
Calculate the highest common factor of 1988078 and 28.
2
What is the highest common factor of 1725 and 6058575?
75
Calculate the highest common factor of 77226 and 2562366.
366
Calculate the highest common divisor of 12236260 and 290.
290
What is the highest common factor of 222632 and 72148?
68
What is the highest common factor of 459 and 92742837?
51
What is the highest common factor of 7916616 and 56?
8
What is the highest common factor of 1421 and 16080442?
203
Calculate the greatest common divisor of 1984704 and 46912.
64
Calculate the greatest common factor of 4570898 and 2826.
314
What is the greatest common factor of 171407438 and 610?
122
What is the greatest common divisor of 837130 and 109508?
14
What is the highest common factor of 578 and 666632254?
578
What is the greatest common divisor of 36096 and 204732?
564
What is the greatest common factor of 1025546 and 2949153?
2833
Calculate the highest common factor of 17765 and 2081735.
1615
What is the greatest common divisor of 29549 and 4537?
13
Calculate the greatest common factor of 567 and 77508963.
63
What is the highest common divisor of 42108 and 456213384?
3828
What is the greatest common factor of 40856756 and 7764?
2588
Calculate the greatest common factor of 318580780 and 63014.
9002
Calculate the highest common divisor of 378 and 785322.
54
Calculate the greatest common factor of 3557410 and 84870.
230
Calculate the highest common divisor of 1102335 and 8565.
15
What is the greatest common divisor of 20547976 and 248?
8
What is the highest common divisor of 6 and 13457514?
6
What is the greatest common factor of 147983 and 1172853?
121
Calculate the highest common divisor of 4876 and 841428.
212
Calculate the highest common factor of 2995327 and 280128.
1459
Calculate the greatest common factor of 193834080 and 405.
135
Calculate the greatest common factor of 4 and 725652072.
4
Calculate the greatest common divisor of 40338129 and 26481.
3783
Calculate the greatest common divisor of 2063869 and 194.
97
Calculate the highest common factor of 2035616 and 6688.
352
What is the greatest common factor of 7002667 and 497?
7
Calculate the greatest common factor of 28659128 and 744.
248
What is the greatest common factor of 52650 and 322725?
975
What is the highest common divisor of 367040 and 9280?
320
Calculate the greatest common divisor of 11477 and 50572153.
499
What is the highest common factor of 2931 and 56445198?
2931
Calculate the highest common divisor of 17497 and 78.
1
Calculate the highest common divisor of 44096 and 2065622.
1378
Calculate the greatest common factor of 16062 and 4722.
6
Calculate the greatest common divisor of 366 and 216136542.
366
Calculate the highest common divisor of 19 and 345547.
1
What is the greatest common factor of 10 and 17522?
2
What is the greatest common factor of 441 and 71151969?
147
Calculate the highest common factor of 1808085610 and 10.
10
What is the highest common divisor of 70 and 16126334?
14
What is the greatest common divisor of 726885 and 53505?
1305
What is the greatest common factor of 82341483 and 42?
21
Calculate the highest common factor of 4 and 1188840080.
4
Calculate the greatest common factor of 143579276 and 76.
76
Calculate the highest common divisor of 581 and 82291097.
581
What is the highest common divisor of 523036 and 90789?
571
Calculate the highest common divisor of 9568 and 622336.
416
What is the highest common factor of 1860067 and 2827?
11
Calculate the highest common factor of 64 and 8018420.
4
What is the greatest common divisor of 35364 and 72684?
12
Calculate the greatest common divisor of 36 and 207803952.
36
What is the highest common divisor of 491917 and 11227?
109
Calculate the greatest common factor of 362345637 and 114.
57
Calculate the highest common divisor of 1971201835 and 190.
95
What is the highest common divisor of 25721599 and 31?
31
Calculate the greatest common factor of 122428 and 484892.
964
Calculate the greatest common divisor of 3670 and 148570.
10
What is the highest common divisor of 49 and 155848?
7
What is the greatest common divisor of 3575896 and 3483752?
3544
Calculate the greatest common factor of 1151 and 1558802753.
1151
What is the highest common factor of 132 and 5210508?
12
What is the highest common divisor of 2081916 and 804?
12
What is the highest common divisor of 5892238 and 5258?
22
What is the highest common factor of 3850416 and 12456?
72
Calculate the greatest common factor of 4480317 and 168.
3
What is the highest common factor of 13 and 99725756?
13
Calculate the greatest common divisor of 114984353 and 143.
11
What is the greatest common divisor of 13468 and 4102?
14
What is the highest common divisor of 60827 and 2444?
13
Calculate the highest common factor of 60 and 7788972.
12
What is the greatest common divisor of 5520 and 38873840?
80
What is the greatest common divisor of 165717 and 1881?
9
Calculate the greatest common factor of 2280714 and 1068.
534
Calculate the greatest common divisor of 374 and 49506754.
374
What is the greatest common factor of 522931 and 908783?
5077
What is the highest common divisor of 1107831 and 615402?
537
Calculate the highest common factor of 7140 and 32542692.
1428
What is the highest common factor of 5958 and 79272?
18
Calculate the highest common divisor of 251813706 and 212.
106
What is the highest common factor of 1327 and 42518407?
1327
Calculate the highest common divisor of 338528 and 13348.
284
What is the highest common divisor of 1169 and 102628681?
167
What is the greatest common divisor of 119718 and 28314046?
1478
What is the greatest common factor of 882 and 59212608?
42
Calculate the greatest common divisor of 180 and 136202740.
20
Calculate the greatest common factor of 207921550 and 9150.
3050
Calculate the greatest common divisor of 4728 and 38512712.
1576
Calculate the greatest common factor of 6 and 50391318.
6
Calculate the greatest common divisor of 759474 and 2682.
18
What is the highest common factor of 4036 and 24613546?
2018
What is the greatest common factor of 1260 and 35247240?
1260
Calculate the greatest common divisor of 873 and 333093150.
873
Calculate the greatest common factor of 4026000 and 469212.
732
Calculate the highest common factor of 6312 and 1792696368.
6312
What is the highest common factor of 7648 and 4939652?
956
What is the greatest common divisor of 1038970 and 1030?
10
What is the greatest common factor of 301568 and 169043?
589
Calculate the greatest common factor of 21 and 63845061.
21
What is the highest common factor of 122 and 12064031?
61
Calculate the greatest common divisor of 2115 and 36077529.
141
What is the highest common divisor of 1794 and 18408?
78
Calculate the highest common divisor of 112 and 4841144.
56
Calculate the greatest common divisor of 1161879 and 32881.
251
Calculate the highest common factor of 134923042 and 1004.
502
Calculate the highest common factor of 844070 and 110.
10
What is the greatest common divisor of 69776957 and 41?
41
What is the highest common divisor of 4585809 and 172569?
2829
What is the highest common factor of 47928 and 7512?
24
Calculate the highest common divisor of 4388 and 98034502.
2194
Calculate the greatest common divisor of 11846 and 21467.
1
Calculate the highest common factor of 1866 and 2817923106.
1866
Calculate the highest common factor of 50 and 50179900.
50
Calculate the highest common divisor of 93960055 and 62813.
2731
Calculate the greatest common divisor of 1372 and 109868.
4
What is the greatest common factor of 624237 and 182226?
753
Calculate the highest common factor of 74026 and 138.
2
Calculate the greatest common factor of 774295 and 1035.
115
What is the greatest common divisor of 45484588 and 3621?
1207
What is the greatest common factor of 5086073 and 7609?
1087
Calculate the highest common divisor of 10076 and 101288.
44
What 